{"id":117,"date":"2012-07-31T03:50:39","date_gmt":"2012-07-31T03:50:39","guid":{"rendered":"http:\/\/theme-fusion.com\/avada\/?post_type=avada_faq&amp;p=117"},"modified":"2012-07-31T03:50:39","modified_gmt":"2012-07-31T03:50:39","slug":"donec-vehicula-molestie-augue-ac-lacinia-mi-dignissim-at-etiam-augue-massa-condimentum","status":"publish","type":"avada_faq","link":"https:\/\/www.vibarchitecture.com\/fr\/faq-items\/donec-vehicula-molestie-augue-ac-lacinia-mi-dignissim-at-etiam-augue-massa-condimentum\/","title":{"rendered":"Donec volestie augue lacinia mi dignissim at. Etiam augue massa, condimentum."},"content":{"rendered":"<p>Maecenas massa erat, fringilla at egestas imperdiet, interdum a dolor. Nulla facilisi. Ut vitae condimentum nisi. Vivamus laoreet posuere lacinia. Nunc odio dui, sodales quis condimentum blandit, suscipit et nisl. Quisque quis nisl magna. Sed vulputate elit ac odio iaculis ac porta eros tincidunt. Proin justo risus, convallis vehicula congue ac, sodales non neque.<\/p>\n","protected":false},"excerpt":{"rendered":"<p>Maecenas massa erat, fringilla at egestas imperdiet, interdum a dolor. Nulla facilisi. Ut vitae condimentum <a href=\"https:\/\/www.vibarchitecture.com\/fr\/faq-items\/donec-vehicula-molestie-augue-ac-lacinia-mi-dignissim-at-etiam-augue-massa-condimentum\/\"> [&#8230;]<\/a><\/p>\n","protected":false},"author":11,"featured_media":0,"menu_order":14,"comment_status":"open","ping_status":"open","template":"","format":"standard","meta":{"footnotes":""},"faq_category":[18,19],"class_list":["post-117","avada_faq","type-avada_faq","status-publish","format-standard","hentry","faq_category-misc","faq_category-pricing"],"acf":[],"yoast_head":"<!-- This site is optimized with the Yoast SEO plugin v27.5 - https:\/\/yoast.com\/product\/yoast-seo-wordpress\/ -->\n<title>Donec volestie augue lacinia mi dignissim at. Etiam augue massa, condimentum. - VIB architecture<\/title>\n<meta name=\"robots\" content=\"index, follow, max-snippet:-1, max-image-preview:large, max-video-preview:-1\" \/>\n<link rel=\"canonical\" href=\"https:\/\/www.vibarchitecture.com\/fr\/faq-items\/donec-vehicula-molestie-augue-ac-lacinia-mi-dignissim-at-etiam-augue-massa-condimentum\/\" \/>\n<meta property=\"og:locale\" content=\"fr_FR\" \/>\n<meta property=\"og:type\" content=\"article\" \/>\n<meta property=\"og:title\" content=\"Donec volestie augue lacinia mi dignissim at. Etiam augue massa, condimentum. - VIB architecture\" \/>\n<meta property=\"og:description\" content=\"Maecenas massa erat, fringilla at egestas imperdiet, interdum a dolor. Nulla facilisi. Ut vitae condimentum [...]\" \/>\n<meta property=\"og:url\" content=\"https:\/\/www.vibarchitecture.com\/fr\/faq-items\/donec-vehicula-molestie-augue-ac-lacinia-mi-dignissim-at-etiam-augue-massa-condimentum\/\" \/>\n<meta property=\"og:site_name\" content=\"VIB architecture\" \/>\n<meta property=\"article:publisher\" content=\"https:\/\/www.facebook.com\/vibarchitecture\" \/>\n<meta property=\"og:image\" content=\"https:\/\/i0.wp.com\/www.vibarchitecture.com\/wp-content\/uploads\/2014\/06\/vib_silos13_%C2%A9s_chalmeau_CF053792.1000-e1405082211155.jpg?fit=999%2C631&ssl=1\" \/>\n\t<meta property=\"og:image:width\" content=\"999\" \/>\n\t<meta property=\"og:image:height\" content=\"631\" \/>\n\t<meta property=\"og:image:type\" content=\"image\/jpeg\" \/>\n<meta name=\"twitter:card\" content=\"summary_large_image\" \/>\n<meta name=\"twitter:site\" content=\"@vibarchitecture\" \/>\n<script type=\"application\/ld+json\" class=\"yoast-schema-graph\">{\"@context\":\"https:\\\/\\\/schema.org\",\"@graph\":[{\"@type\":\"WebPage\",\"@id\":\"https:\\\/\\\/www.vibarchitecture.com\\\/fr\\\/faq-items\\\/donec-vehicula-molestie-augue-ac-lacinia-mi-dignissim-at-etiam-augue-massa-condimentum\\\/\",\"url\":\"https:\\\/\\\/www.vibarchitecture.com\\\/fr\\\/faq-items\\\/donec-vehicula-molestie-augue-ac-lacinia-mi-dignissim-at-etiam-augue-massa-condimentum\\\/\",\"name\":\"Donec volestie augue lacinia mi dignissim at. Etiam augue massa, condimentum. - VIB architecture\",\"isPartOf\":{\"@id\":\"https:\\\/\\\/www.vibarchitecture.com\\\/fr\\\/#website\"},\"datePublished\":\"2012-07-31T03:50:39+00:00\",\"breadcrumb\":{\"@id\":\"https:\\\/\\\/www.vibarchitecture.com\\\/fr\\\/faq-items\\\/donec-vehicula-molestie-augue-ac-lacinia-mi-dignissim-at-etiam-augue-massa-condimentum\\\/#breadcrumb\"},\"inLanguage\":\"fr-FR\",\"potentialAction\":[{\"@type\":\"ReadAction\",\"target\":[\"https:\\\/\\\/www.vibarchitecture.com\\\/fr\\\/faq-items\\\/donec-vehicula-molestie-augue-ac-lacinia-mi-dignissim-at-etiam-augue-massa-condimentum\\\/\"]}]},{\"@type\":\"BreadcrumbList\",\"@id\":\"https:\\\/\\\/www.vibarchitecture.com\\\/fr\\\/faq-items\\\/donec-vehicula-molestie-augue-ac-lacinia-mi-dignissim-at-etiam-augue-massa-condimentum\\\/#breadcrumb\",\"itemListElement\":[{\"@type\":\"ListItem\",\"position\":1,\"name\":\"Accueil\",\"item\":\"https:\\\/\\\/www.vibarchitecture.com\\\/fr\\\/\"},{\"@type\":\"ListItem\",\"position\":2,\"name\":\"FAQs\",\"item\":\"https:\\\/\\\/www.vibarchitecture.com\\\/fr\\\/faq-items\\\/\"},{\"@type\":\"ListItem\",\"position\":3,\"name\":\"Donec volestie augue lacinia mi dignissim at. Etiam augue massa, condimentum.\"}]},{\"@type\":\"WebSite\",\"@id\":\"https:\\\/\\\/www.vibarchitecture.com\\\/fr\\\/#website\",\"url\":\"https:\\\/\\\/www.vibarchitecture.com\\\/fr\\\/\",\"name\":\"VIB architecture\",\"description\":\"Agence d&#039;architecture contemporaine, cr\u00e9\u00e9e par Bettina Ballus et Franck Vialet bas\u00e9e \u00e0 Paris et Bordeaux. Nous imaginons et construisons des laboratoires, logements, bureaux et projets culturels dans toute la France dans une d\u00e9marche cr\u00e9ative et responsable.\",\"potentialAction\":[{\"@type\":\"SearchAction\",\"target\":{\"@type\":\"EntryPoint\",\"urlTemplate\":\"https:\\\/\\\/www.vibarchitecture.com\\\/fr\\\/?s={search_term_string}\"},\"query-input\":{\"@type\":\"PropertyValueSpecification\",\"valueRequired\":true,\"valueName\":\"search_term_string\"}}],\"inLanguage\":\"fr-FR\"}]}<\/script>\n<!-- \/ Yoast SEO plugin. -->","yoast_head_json":{"title":"Donec volestie augue lacinia mi dignissim at. Etiam augue massa, condimentum. - VIB architecture","robots":{"index":"index","follow":"follow","max-snippet":"max-snippet:-1","max-image-preview":"max-image-preview:large","max-video-preview":"max-video-preview:-1"},"canonical":"https:\/\/www.vibarchitecture.com\/fr\/faq-items\/donec-vehicula-molestie-augue-ac-lacinia-mi-dignissim-at-etiam-augue-massa-condimentum\/","og_locale":"fr_FR","og_type":"article","og_title":"Donec volestie augue lacinia mi dignissim at. Etiam augue massa, condimentum. - VIB architecture","og_description":"Maecenas massa erat, fringilla at egestas imperdiet, interdum a dolor. Nulla facilisi. Ut vitae condimentum [...]","og_url":"https:\/\/www.vibarchitecture.com\/fr\/faq-items\/donec-vehicula-molestie-augue-ac-lacinia-mi-dignissim-at-etiam-augue-massa-condimentum\/","og_site_name":"VIB architecture","article_publisher":"https:\/\/www.facebook.com\/vibarchitecture","og_image":[{"width":999,"height":631,"url":"https:\/\/i0.wp.com\/www.vibarchitecture.com\/wp-content\/uploads\/2014\/06\/vib_silos13_%C2%A9s_chalmeau_CF053792.1000-e1405082211155.jpg?fit=999%2C631&ssl=1","type":"image\/jpeg"}],"twitter_card":"summary_large_image","twitter_site":"@vibarchitecture","schema":{"@context":"https:\/\/schema.org","@graph":[{"@type":"WebPage","@id":"https:\/\/www.vibarchitecture.com\/fr\/faq-items\/donec-vehicula-molestie-augue-ac-lacinia-mi-dignissim-at-etiam-augue-massa-condimentum\/","url":"https:\/\/www.vibarchitecture.com\/fr\/faq-items\/donec-vehicula-molestie-augue-ac-lacinia-mi-dignissim-at-etiam-augue-massa-condimentum\/","name":"Donec volestie augue lacinia mi dignissim at. Etiam augue massa, condimentum. - VIB architecture","isPartOf":{"@id":"https:\/\/www.vibarchitecture.com\/fr\/#website"},"datePublished":"2012-07-31T03:50:39+00:00","breadcrumb":{"@id":"https:\/\/www.vibarchitecture.com\/fr\/faq-items\/donec-vehicula-molestie-augue-ac-lacinia-mi-dignissim-at-etiam-augue-massa-condimentum\/#breadcrumb"},"inLanguage":"fr-FR","potentialAction":[{"@type":"ReadAction","target":["https:\/\/www.vibarchitecture.com\/fr\/faq-items\/donec-vehicula-molestie-augue-ac-lacinia-mi-dignissim-at-etiam-augue-massa-condimentum\/"]}]},{"@type":"BreadcrumbList","@id":"https:\/\/www.vibarchitecture.com\/fr\/faq-items\/donec-vehicula-molestie-augue-ac-lacinia-mi-dignissim-at-etiam-augue-massa-condimentum\/#breadcrumb","itemListElement":[{"@type":"ListItem","position":1,"name":"Accueil","item":"https:\/\/www.vibarchitecture.com\/fr\/"},{"@type":"ListItem","position":2,"name":"FAQs","item":"https:\/\/www.vibarchitecture.com\/fr\/faq-items\/"},{"@type":"ListItem","position":3,"name":"Donec volestie augue lacinia mi dignissim at. Etiam augue massa, condimentum."}]},{"@type":"WebSite","@id":"https:\/\/www.vibarchitecture.com\/fr\/#website","url":"https:\/\/www.vibarchitecture.com\/fr\/","name":"VIB architecture","description":"Agence d&#039;architecture contemporaine, cr\u00e9\u00e9e par Bettina Ballus et Franck Vialet bas\u00e9e \u00e0 Paris et Bordeaux. Nous imaginons et construisons des laboratoires, logements, bureaux et projets culturels dans toute la France dans une d\u00e9marche cr\u00e9ative et responsable.","potentialAction":[{"@type":"SearchAction","target":{"@type":"EntryPoint","urlTemplate":"https:\/\/www.vibarchitecture.com\/fr\/?s={search_term_string}"},"query-input":{"@type":"PropertyValueSpecification","valueRequired":true,"valueName":"search_term_string"}}],"inLanguage":"fr-FR"}]}},"jetpack_sharing_enabled":true,"_links":{"self":[{"href":"https:\/\/www.vibarchitecture.com\/fr\/wp-json\/wp\/v2\/avada_faq\/117","targetHints":{"allow":["GET"]}}],"collection":[{"href":"https:\/\/www.vibarchitecture.com\/fr\/wp-json\/wp\/v2\/avada_faq"}],"about":[{"href":"https:\/\/www.vibarchitecture.com\/fr\/wp-json\/wp\/v2\/types\/avada_faq"}],"author":[{"embeddable":true,"href":"https:\/\/www.vibarchitecture.com\/fr\/wp-json\/wp\/v2\/users\/11"}],"replies":[{"embeddable":true,"href":"https:\/\/www.vibarchitecture.com\/fr\/wp-json\/wp\/v2\/comments?post=117"}],"version-history":[{"count":0,"href":"https:\/\/www.vibarchitecture.com\/fr\/wp-json\/wp\/v2\/avada_faq\/117\/revisions"}],"wp:attachment":[{"href":"https:\/\/www.vibarchitecture.com\/fr\/wp-json\/wp\/v2\/media?parent=117"}],"wp:term":[{"taxonomy":"faq_category","embeddable":true,"href":"https:\/\/www.vibarchitecture.com\/fr\/wp-json\/wp\/v2\/faq_category?post=117"}],"curies":[{"name":"wp","href":"https:\/\/api.w.org\/{rel}","templated":true}]}}

<!-- This site is optimized with the Yoast SEO plugin v27.5 - https://yoast.com/product/yoast-seo-wordpress/ -->
<title>Donec volestie augue lacinia mi dignissim at. Etiam augue massa, condimentum. - VIB architecture</title>
<meta name="robots" content="index, follow, max-snippet:-1, max-image-preview:large, max-video-preview:-1" />
<link rel="canonical" href="https://www.vibarchitecture.com/fr/faq-items/donec-vehicula-molestie-augue-ac-lacinia-mi-dignissim-at-etiam-augue-massa-condimentum/" />
<meta property="og:locale" content="fr_FR" />
<meta property="og:type" content="article" />
<meta property="og:title" content="Donec volestie augue lacinia mi dignissim at. Etiam augue massa, condimentum. - VIB architecture" />
<meta property="og:description" content="Maecenas massa erat, fringilla at egestas imperdiet, interdum a dolor. Nulla facilisi. Ut vitae condimentum [...]" />
<meta property="og:url" content="https://www.vibarchitecture.com/fr/faq-items/donec-vehicula-molestie-augue-ac-lacinia-mi-dignissim-at-etiam-augue-massa-condimentum/" />
<meta property="og:site_name" content="VIB architecture" />
<meta property="article:publisher" content="https://www.facebook.com/vibarchitecture" />
<meta property="og:image" content="https://i0.wp.com/www.vibarchitecture.com/wp-content/uploads/2014/06/vib_silos13_%C2%A9s_chalmeau_CF053792.1000-e1405082211155.jpg?fit=999%2C631&ssl=1" />
	<meta property="og:image:width" content="999" />
	<meta property="og:image:height" content="631" />
	<meta property="og:image:type" content="image/jpeg" />
<meta name="twitter:card" content="summary_large_image" />
<meta name="twitter:site" content="@vibarchitecture" />
<script type="application/ld+json" class="yoast-schema-graph">{"@context":"https:\/\/schema.org","@graph":[{"@type":"WebPage","@id":"https:\/\/www.vibarchitecture.com\/fr\/faq-items\/donec-vehicula-molestie-augue-ac-lacinia-mi-dignissim-at-etiam-augue-massa-condimentum\/","url":"https:\/\/www.vibarchitecture.com\/fr\/faq-items\/donec-vehicula-molestie-augue-ac-lacinia-mi-dignissim-at-etiam-augue-massa-condimentum\/","name":"Donec volestie augue lacinia mi dignissim at. Etiam augue massa, condimentum. - VIB architecture","isPartOf":{"@id":"https:\/\/www.vibarchitecture.com\/fr\/#website"},"datePublished":"2012-07-31T03:50:39+00:00","breadcrumb":{"@id":"https:\/\/www.vibarchitecture.com\/fr\/faq-items\/donec-vehicula-molestie-augue-ac-lacinia-mi-dignissim-at-etiam-augue-massa-condimentum\/#breadcrumb"},"inLanguage":"fr-FR","potentialAction":[{"@type":"ReadAction","target":["https:\/\/www.vibarchitecture.com\/fr\/faq-items\/donec-vehicula-molestie-augue-ac-lacinia-mi-dignissim-at-etiam-augue-massa-condimentum\/"]}]},{"@type":"BreadcrumbList","@id":"https:\/\/www.vibarchitecture.com\/fr\/faq-items\/donec-vehicula-molestie-augue-ac-lacinia-mi-dignissim-at-etiam-augue-massa-condimentum\/#breadcrumb","itemListElement":[{"@type":"ListItem","position":1,"name":"Accueil","item":"https:\/\/www.vibarchitecture.com\/fr\/"},{"@type":"ListItem","position":2,"name":"FAQs","item":"https:\/\/www.vibarchitecture.com\/fr\/faq-items\/"},{"@type":"ListItem","position":3,"name":"Donec volestie augue lacinia mi dignissim at. Etiam augue massa, condimentum."}]},{"@type":"WebSite","@id":"https:\/\/www.vibarchitecture.com\/fr\/#website","url":"https:\/\/www.vibarchitecture.com\/fr\/","name":"VIB architecture","description":"Agence d&#039;architecture contemporaine, créée par Bettina Ballus et Franck Vialet basée à Paris et Bordeaux. Nous imaginons et construisons des laboratoires, logements, bureaux et projets culturels dans toute la France dans une démarche créative et responsable.","potentialAction":[{"@type":"SearchAction","target":{"@type":"EntryPoint","urlTemplate":"https:\/\/www.vibarchitecture.com\/fr\/?s={search_term_string}"},"query-input":{"@type":"PropertyValueSpecification","valueRequired":true,"valueName":"search_term_string"}}],"inLanguage":"fr-FR"}]}</script>
<!-- / Yoast SEO plugin. -->

Agence d&#039;architecture contemporaine, créée par Bettina Ballus et Franck Vialet basée à Paris et Bordeaux. Nous imaginons et construisons des laboratoires, logements, bureaux et projets culturels dans toute la France dans une démarche créative et responsable.
