{"id":124,"date":"2012-07-31T03:53:31","date_gmt":"2012-07-31T03:53:31","guid":{"rendered":"http:\/\/theme-fusion.com\/avada\/?post_type=avada_faq&amp;p=124"},"modified":"2012-07-31T03:53:31","modified_gmt":"2012-07-31T03:53:31","slug":"vivamus-quis-magna-enim-aliquam-urna-mi-aliquet-ac-dictum-non-dapibus-vitae-erat","status":"publish","type":"avada_faq","link":"https:\/\/www.vibarchitecture.com\/fr\/faq-items\/vivamus-quis-magna-enim-aliquam-urna-mi-aliquet-ac-dictum-non-dapibus-vitae-erat\/","title":{"rendered":"Vivamus quis magna enim. Aliquam urna mi, aliquet ac dictum non, dapibus vitae erat."},"content":{"rendered":"<p>Lorem ipsum dolor sit amet, consectetur adipiscing elit. Etiam id eros neque. Vestibulum erat nulla, porta pretium ultrices at, accumsan quis elit. Sed ligula nulla, gravida ut tempus a, pharetra et lacus. Suspendisse potenti. Fusce pellentesque augue sit amet ipsum mattis dignissim. Curabitur fringilla neque eu ligula pellentesque tempus. Fusce elementum lectus eget odio porttitor ut tincidunt nibh iaculis. Donec lacus est, mollis ut bibendum ac, adipiscing at dui. Cras porttitor neque eget orci pulvinar consequat. Cras vestibulum leo fermentum tellus ullamcorper vestibulum.<\/p>\n<p>Nunc molestie porttitor urna rhoncus posuere. Etiam sed tortor vestibulum nulla ultricies sodales quis id turpis. Nulla laoreet euismod mattis. Proin felis ipsum, elementum faucibus ultrices et, vestibulum vitae orci. Curabitur congue vulputate orci, a commodo mauris consectetur vitae. Quisque sit amet arcu sit amet mi porttitor varius in quis felis. Duis sit amet est urna. Phasellus nulla est, tincidunt quis posuere volutpat, convallis ac risus. Ut in massa arcu, eu feugiat neque.<\/p>\n","protected":false},"excerpt":{"rendered":"<p>Lorem ipsum dolor sit amet, consectetur adipiscing elit. Etiam id eros neque. Vestibulum erat nulla, <a href=\"https:\/\/www.vibarchitecture.com\/fr\/faq-items\/vivamus-quis-magna-enim-aliquam-urna-mi-aliquet-ac-dictum-non-dapibus-vitae-erat\/\"> [&#8230;]<\/a><\/p>\n","protected":false},"author":11,"featured_media":0,"menu_order":8,"comment_status":"open","ping_status":"open","template":"","format":"standard","meta":{"footnotes":""},"faq_category":[18,19,20],"class_list":["post-124","avada_faq","type-avada_faq","status-publish","format-standard","hentry","faq_category-misc","faq_category-pricing","faq_category-technical"],"acf":[],"yoast_head":"<!-- This site is optimized with the Yoast SEO plugin v27.5 - https:\/\/yoast.com\/product\/yoast-seo-wordpress\/ -->\n<title>Vivamus quis magna enim. Aliquam urna mi, aliquet ac dictum non, dapibus vitae erat. - VIB architecture<\/title>\n<meta name=\"robots\" content=\"index, follow, max-snippet:-1, max-image-preview:large, max-video-preview:-1\" \/>\n<link rel=\"canonical\" href=\"https:\/\/www.vibarchitecture.com\/fr\/faq-items\/vivamus-quis-magna-enim-aliquam-urna-mi-aliquet-ac-dictum-non-dapibus-vitae-erat\/\" \/>\n<meta property=\"og:locale\" content=\"fr_FR\" \/>\n<meta property=\"og:type\" content=\"article\" \/>\n<meta property=\"og:title\" content=\"Vivamus quis magna enim. Aliquam urna mi, aliquet ac dictum non, dapibus vitae erat. - VIB architecture\" \/>\n<meta property=\"og:description\" content=\"Lorem ipsum dolor sit amet, consectetur adipiscing elit. Etiam id eros neque. Vestibulum erat nulla, [...]\" \/>\n<meta property=\"og:url\" content=\"https:\/\/www.vibarchitecture.com\/fr\/faq-items\/vivamus-quis-magna-enim-aliquam-urna-mi-aliquet-ac-dictum-non-dapibus-vitae-erat\/\" \/>\n<meta property=\"og:site_name\" content=\"VIB architecture\" \/>\n<meta property=\"article:publisher\" content=\"https:\/\/www.facebook.com\/vibarchitecture\" \/>\n<meta property=\"og:image\" content=\"https:\/\/i0.wp.com\/www.vibarchitecture.com\/wp-content\/uploads\/2014\/06\/vib_silos13_%C2%A9s_chalmeau_CF053792.1000-e1405082211155.jpg?fit=999%2C631&ssl=1\" \/>\n\t<meta property=\"og:image:width\" content=\"999\" \/>\n\t<meta property=\"og:image:height\" content=\"631\" \/>\n\t<meta property=\"og:image:type\" content=\"image\/jpeg\" \/>\n<meta name=\"twitter:card\" content=\"summary_large_image\" \/>\n<meta name=\"twitter:site\" content=\"@vibarchitecture\" \/>\n<meta name=\"twitter:label1\" content=\"Dur\u00e9e de lecture estim\u00e9e\" \/>\n\t<meta name=\"twitter:data1\" content=\"1 minute\" \/>\n<script type=\"application\/ld+json\" class=\"yoast-schema-graph\">{\"@context\":\"https:\\\/\\\/schema.org\",\"@graph\":[{\"@type\":\"WebPage\",\"@id\":\"https:\\\/\\\/www.vibarchitecture.com\\\/fr\\\/faq-items\\\/vivamus-quis-magna-enim-aliquam-urna-mi-aliquet-ac-dictum-non-dapibus-vitae-erat\\\/\",\"url\":\"https:\\\/\\\/www.vibarchitecture.com\\\/fr\\\/faq-items\\\/vivamus-quis-magna-enim-aliquam-urna-mi-aliquet-ac-dictum-non-dapibus-vitae-erat\\\/\",\"name\":\"Vivamus quis magna enim. Aliquam urna mi, aliquet ac dictum non, dapibus vitae erat. - VIB architecture\",\"isPartOf\":{\"@id\":\"https:\\\/\\\/www.vibarchitecture.com\\\/fr\\\/#website\"},\"datePublished\":\"2012-07-31T03:53:31+00:00\",\"breadcrumb\":{\"@id\":\"https:\\\/\\\/www.vibarchitecture.com\\\/fr\\\/faq-items\\\/vivamus-quis-magna-enim-aliquam-urna-mi-aliquet-ac-dictum-non-dapibus-vitae-erat\\\/#breadcrumb\"},\"inLanguage\":\"fr-FR\",\"potentialAction\":[{\"@type\":\"ReadAction\",\"target\":[\"https:\\\/\\\/www.vibarchitecture.com\\\/fr\\\/faq-items\\\/vivamus-quis-magna-enim-aliquam-urna-mi-aliquet-ac-dictum-non-dapibus-vitae-erat\\\/\"]}]},{\"@type\":\"BreadcrumbList\",\"@id\":\"https:\\\/\\\/www.vibarchitecture.com\\\/fr\\\/faq-items\\\/vivamus-quis-magna-enim-aliquam-urna-mi-aliquet-ac-dictum-non-dapibus-vitae-erat\\\/#breadcrumb\",\"itemListElement\":[{\"@type\":\"ListItem\",\"position\":1,\"name\":\"Accueil\",\"item\":\"https:\\\/\\\/www.vibarchitecture.com\\\/fr\\\/\"},{\"@type\":\"ListItem\",\"position\":2,\"name\":\"FAQs\",\"item\":\"https:\\\/\\\/www.vibarchitecture.com\\\/fr\\\/faq-items\\\/\"},{\"@type\":\"ListItem\",\"position\":3,\"name\":\"Vivamus quis magna enim. Aliquam urna mi, aliquet ac dictum non, dapibus vitae erat.\"}]},{\"@type\":\"WebSite\",\"@id\":\"https:\\\/\\\/www.vibarchitecture.com\\\/fr\\\/#website\",\"url\":\"https:\\\/\\\/www.vibarchitecture.com\\\/fr\\\/\",\"name\":\"VIB architecture\",\"description\":\"Agence d&#039;architecture contemporaine, cr\u00e9\u00e9e par Bettina Ballus et Franck Vialet bas\u00e9e \u00e0 Paris et Bordeaux. Nous imaginons et construisons des laboratoires, logements, bureaux et projets culturels dans toute la France dans une d\u00e9marche cr\u00e9ative et responsable.\",\"potentialAction\":[{\"@type\":\"SearchAction\",\"target\":{\"@type\":\"EntryPoint\",\"urlTemplate\":\"https:\\\/\\\/www.vibarchitecture.com\\\/fr\\\/?s={search_term_string}\"},\"query-input\":{\"@type\":\"PropertyValueSpecification\",\"valueRequired\":true,\"valueName\":\"search_term_string\"}}],\"inLanguage\":\"fr-FR\"}]}<\/script>\n<!-- \/ Yoast SEO plugin. -->","yoast_head_json":{"title":"Vivamus quis magna enim. Aliquam urna mi, aliquet ac dictum non, dapibus vitae erat. - VIB architecture","robots":{"index":"index","follow":"follow","max-snippet":"max-snippet:-1","max-image-preview":"max-image-preview:large","max-video-preview":"max-video-preview:-1"},"canonical":"https:\/\/www.vibarchitecture.com\/fr\/faq-items\/vivamus-quis-magna-enim-aliquam-urna-mi-aliquet-ac-dictum-non-dapibus-vitae-erat\/","og_locale":"fr_FR","og_type":"article","og_title":"Vivamus quis magna enim. Aliquam urna mi, aliquet ac dictum non, dapibus vitae erat. - VIB architecture","og_description":"Lorem ipsum dolor sit amet, consectetur adipiscing elit. Etiam id eros neque. Vestibulum erat nulla, [...]","og_url":"https:\/\/www.vibarchitecture.com\/fr\/faq-items\/vivamus-quis-magna-enim-aliquam-urna-mi-aliquet-ac-dictum-non-dapibus-vitae-erat\/","og_site_name":"VIB architecture","article_publisher":"https:\/\/www.facebook.com\/vibarchitecture","og_image":[{"width":999,"height":631,"url":"https:\/\/i0.wp.com\/www.vibarchitecture.com\/wp-content\/uploads\/2014\/06\/vib_silos13_%C2%A9s_chalmeau_CF053792.1000-e1405082211155.jpg?fit=999%2C631&ssl=1","type":"image\/jpeg"}],"twitter_card":"summary_large_image","twitter_site":"@vibarchitecture","twitter_misc":{"Dur\u00e9e de lecture estim\u00e9e":"1 minute"},"schema":{"@context":"https:\/\/schema.org","@graph":[{"@type":"WebPage","@id":"https:\/\/www.vibarchitecture.com\/fr\/faq-items\/vivamus-quis-magna-enim-aliquam-urna-mi-aliquet-ac-dictum-non-dapibus-vitae-erat\/","url":"https:\/\/www.vibarchitecture.com\/fr\/faq-items\/vivamus-quis-magna-enim-aliquam-urna-mi-aliquet-ac-dictum-non-dapibus-vitae-erat\/","name":"Vivamus quis magna enim. Aliquam urna mi, aliquet ac dictum non, dapibus vitae erat. - VIB architecture","isPartOf":{"@id":"https:\/\/www.vibarchitecture.com\/fr\/#website"},"datePublished":"2012-07-31T03:53:31+00:00","breadcrumb":{"@id":"https:\/\/www.vibarchitecture.com\/fr\/faq-items\/vivamus-quis-magna-enim-aliquam-urna-mi-aliquet-ac-dictum-non-dapibus-vitae-erat\/#breadcrumb"},"inLanguage":"fr-FR","potentialAction":[{"@type":"ReadAction","target":["https:\/\/www.vibarchitecture.com\/fr\/faq-items\/vivamus-quis-magna-enim-aliquam-urna-mi-aliquet-ac-dictum-non-dapibus-vitae-erat\/"]}]},{"@type":"BreadcrumbList","@id":"https:\/\/www.vibarchitecture.com\/fr\/faq-items\/vivamus-quis-magna-enim-aliquam-urna-mi-aliquet-ac-dictum-non-dapibus-vitae-erat\/#breadcrumb","itemListElement":[{"@type":"ListItem","position":1,"name":"Accueil","item":"https:\/\/www.vibarchitecture.com\/fr\/"},{"@type":"ListItem","position":2,"name":"FAQs","item":"https:\/\/www.vibarchitecture.com\/fr\/faq-items\/"},{"@type":"ListItem","position":3,"name":"Vivamus quis magna enim. Aliquam urna mi, aliquet ac dictum non, dapibus vitae erat."}]},{"@type":"WebSite","@id":"https:\/\/www.vibarchitecture.com\/fr\/#website","url":"https:\/\/www.vibarchitecture.com\/fr\/","name":"VIB architecture","description":"Agence d&#039;architecture contemporaine, cr\u00e9\u00e9e par Bettina Ballus et Franck Vialet bas\u00e9e \u00e0 Paris et Bordeaux. Nous imaginons et construisons des laboratoires, logements, bureaux et projets culturels dans toute la France dans une d\u00e9marche cr\u00e9ative et responsable.","potentialAction":[{"@type":"SearchAction","target":{"@type":"EntryPoint","urlTemplate":"https:\/\/www.vibarchitecture.com\/fr\/?s={search_term_string}"},"query-input":{"@type":"PropertyValueSpecification","valueRequired":true,"valueName":"search_term_string"}}],"inLanguage":"fr-FR"}]}},"jetpack_sharing_enabled":true,"_links":{"self":[{"href":"https:\/\/www.vibarchitecture.com\/fr\/wp-json\/wp\/v2\/avada_faq\/124","targetHints":{"allow":["GET"]}}],"collection":[{"href":"https:\/\/www.vibarchitecture.com\/fr\/wp-json\/wp\/v2\/avada_faq"}],"about":[{"href":"https:\/\/www.vibarchitecture.com\/fr\/wp-json\/wp\/v2\/types\/avada_faq"}],"author":[{"embeddable":true,"href":"https:\/\/www.vibarchitecture.com\/fr\/wp-json\/wp\/v2\/users\/11"}],"replies":[{"embeddable":true,"href":"https:\/\/www.vibarchitecture.com\/fr\/wp-json\/wp\/v2\/comments?post=124"}],"version-history":[{"count":0,"href":"https:\/\/www.vibarchitecture.com\/fr\/wp-json\/wp\/v2\/avada_faq\/124\/revisions"}],"wp:attachment":[{"href":"https:\/\/www.vibarchitecture.com\/fr\/wp-json\/wp\/v2\/media?parent=124"}],"wp:term":[{"taxonomy":"faq_category","embeddable":true,"href":"https:\/\/www.vibarchitecture.com\/fr\/wp-json\/wp\/v2\/faq_category?post=124"}],"curies":[{"name":"wp","href":"https:\/\/api.w.org\/{rel}","templated":true}]}}

<!-- This site is optimized with the Yoast SEO plugin v27.5 - https://yoast.com/product/yoast-seo-wordpress/ -->
<title>Vivamus quis magna enim. Aliquam urna mi, aliquet ac dictum non, dapibus vitae erat. - VIB architecture</title>
<meta name="robots" content="index, follow, max-snippet:-1, max-image-preview:large, max-video-preview:-1" />
<link rel="canonical" href="https://www.vibarchitecture.com/fr/faq-items/vivamus-quis-magna-enim-aliquam-urna-mi-aliquet-ac-dictum-non-dapibus-vitae-erat/" />
<meta property="og:locale" content="fr_FR" />
<meta property="og:type" content="article" />
<meta property="og:title" content="Vivamus quis magna enim. Aliquam urna mi, aliquet ac dictum non, dapibus vitae erat. - VIB architecture" />
<meta property="og:description" content="Lorem ipsum dolor sit amet, consectetur adipiscing elit. Etiam id eros neque. Vestibulum erat nulla, [...]" />
<meta property="og:url" content="https://www.vibarchitecture.com/fr/faq-items/vivamus-quis-magna-enim-aliquam-urna-mi-aliquet-ac-dictum-non-dapibus-vitae-erat/" />
<meta property="og:site_name" content="VIB architecture" />
<meta property="article:publisher" content="https://www.facebook.com/vibarchitecture" />
<meta property="og:image" content="https://i0.wp.com/www.vibarchitecture.com/wp-content/uploads/2014/06/vib_silos13_%C2%A9s_chalmeau_CF053792.1000-e1405082211155.jpg?fit=999%2C631&ssl=1" />
	<meta property="og:image:width" content="999" />
	<meta property="og:image:height" content="631" />
	<meta property="og:image:type" content="image/jpeg" />
<meta name="twitter:card" content="summary_large_image" />
<meta name="twitter:site" content="@vibarchitecture" />
<meta name="twitter:label1" content="Durée de lecture estimée" />
	<meta name="twitter:data1" content="1 minute" />
<script type="application/ld+json" class="yoast-schema-graph">{"@context":"https:\/\/schema.org","@graph":[{"@type":"WebPage","@id":"https:\/\/www.vibarchitecture.com\/fr\/faq-items\/vivamus-quis-magna-enim-aliquam-urna-mi-aliquet-ac-dictum-non-dapibus-vitae-erat\/","url":"https:\/\/www.vibarchitecture.com\/fr\/faq-items\/vivamus-quis-magna-enim-aliquam-urna-mi-aliquet-ac-dictum-non-dapibus-vitae-erat\/","name":"Vivamus quis magna enim. Aliquam urna mi, aliquet ac dictum non, dapibus vitae erat. - VIB architecture","isPartOf":{"@id":"https:\/\/www.vibarchitecture.com\/fr\/#website"},"datePublished":"2012-07-31T03:53:31+00:00","breadcrumb":{"@id":"https:\/\/www.vibarchitecture.com\/fr\/faq-items\/vivamus-quis-magna-enim-aliquam-urna-mi-aliquet-ac-dictum-non-dapibus-vitae-erat\/#breadcrumb"},"inLanguage":"fr-FR","potentialAction":[{"@type":"ReadAction","target":["https:\/\/www.vibarchitecture.com\/fr\/faq-items\/vivamus-quis-magna-enim-aliquam-urna-mi-aliquet-ac-dictum-non-dapibus-vitae-erat\/"]}]},{"@type":"BreadcrumbList","@id":"https:\/\/www.vibarchitecture.com\/fr\/faq-items\/vivamus-quis-magna-enim-aliquam-urna-mi-aliquet-ac-dictum-non-dapibus-vitae-erat\/#breadcrumb","itemListElement":[{"@type":"ListItem","position":1,"name":"Accueil","item":"https:\/\/www.vibarchitecture.com\/fr\/"},{"@type":"ListItem","position":2,"name":"FAQs","item":"https:\/\/www.vibarchitecture.com\/fr\/faq-items\/"},{"@type":"ListItem","position":3,"name":"Vivamus quis magna enim. Aliquam urna mi, aliquet ac dictum non, dapibus vitae erat."}]},{"@type":"WebSite","@id":"https:\/\/www.vibarchitecture.com\/fr\/#website","url":"https:\/\/www.vibarchitecture.com\/fr\/","name":"VIB architecture","description":"Agence d&#039;architecture contemporaine, créée par Bettina Ballus et Franck Vialet basée à Paris et Bordeaux. Nous imaginons et construisons des laboratoires, logements, bureaux et projets culturels dans toute la France dans une démarche créative et responsable.","potentialAction":[{"@type":"SearchAction","target":{"@type":"EntryPoint","urlTemplate":"https:\/\/www.vibarchitecture.com\/fr\/?s={search_term_string}"},"query-input":{"@type":"PropertyValueSpecification","valueRequired":true,"valueName":"search_term_string"}}],"inLanguage":"fr-FR"}]}</script>
<!-- / Yoast SEO plugin. -->

Agence d&#039;architecture contemporaine, créée par Bettina Ballus et Franck Vialet basée à Paris et Bordeaux. Nous imaginons et construisons des laboratoires, logements, bureaux et projets culturels dans toute la France dans une démarche créative et responsable.
